number?
False
Is 16009158091 composite?
True
Is 891841443 a composite number?
True
Is 162123337 composite?
False
Is 6553989727 composite?
False
Is 1282469651 composite?
False
Is 120129647189 prime?
False
Is 84683705 a prime number?
False
Is 38306527639 prime?
True
Is 994008443 prime?
False
Is 2483071931 a composite number?
False
Is 59910521951 a prime number?
False
Is 14110082933 a composite number?
True
Is 2339023787 a composite number?
True
Is 8259351539 a composite number?
True
Is 435981119 a composite number?
True
Is 979696901 a composite number?
False
Is 3802530491 composite?
True
Is 74976739627 composite?
False
Is 1181032493 a prime number?
False
Is 41913107141 a prime number?
True
Is 36934567483 composite?
True
Is 23550965129 a prime number?
True
Is 1691583589 prime?
False
Is 901052197 composite?
False
Is 26092227131 prime?
False
Is 64668028483 a prime number?
False
Is 383325967 a prime number?
True
Is 173682573 a composite number?
True
Is 11875722091 prime?
True
Is 52340119861 a composite number?
True
Is 19967307419 a composite number?
False
Is 14591571583 a prime number?
False
Is 207663089 composite?
True
Is 29048926717 prime?
True
Is 404548049 a prime number?
True
Is 589556831 a prime number?
True
Is 36440420201 a composite number?
True
Is 143765035927 composite?
True
Is 6598757489 prime?
False
Is 1357493411 prime?
True
Is 42522716419 prime?
True
Is 10727221313 a prime number?
False
Is 17683096121 a prime number?
False
Is 754945337 prime?
True
Is 26688048773 a prime number?
False
Is 2090440069 composite?
True
Is 430763887 a prime number?
False
Is 78817102141 a prime number?
True
Is 17366075651 a prime number?
True
Is 907771807 a prime number?
False
Is 70078033049 a prime number?
False
Is 241005971 a prime number?
False
Is 2827597781 composite?
False
Is 1094255299 a composite number?
True
Is 505358961 a composite number?
True
Is 739658261 a prime number?
True
Is 54964787 prime?
True
Is 18868018523 composite?
False
Is 10268088923 a prime number?
True
Is 4306994921 a composite number?
False
Is 94684363 a composite number?
True
Is 8349674591 a prime number?
False
Is 27714125813 composite?
True
Is 1446789943 a composite number?
False
Is 361770485 composite?
True
Is 1660262783 prime?
False
Is 314884409 prime?
False
Is 14334020765 prime?
False
Is 10978511569 a composite number?
False
Is 24218520763 prime?
False
Is 222614563 a prime number?
True
Is 1546695907 prime?
True
Is 1836008219 composite?
False
Is 3483625757 prime?
True
Is 89360667997 composite?
False
Is 4785316711 prime?
False
Is 3304053601 a composite number?
False
Is 6506809873 prime?
False
Is 5545430819 a composite number?
False
Is 27452106995 a prime number?
False
Is 36421931549 a prime number?
False
Is 5091504491 composite?
False
Is 130914911 composite?
False
Is 61141992623 a composite number?
False
Is 72265041157 prime?
False
Is 1517711453 prime?
True
Is 6701198081 prime?
False
Is 919166189 prime?
False
Is 30904254959 a prime number?
True
Is 56839871831 a prime number?
False
Is 5547148337 prime?
True
Is 51106963373 prime?
False
Is 319864011 prime?
False
Is 105742631 a composite number?
True
Is 1038447019 a prime number?
False
Is 1384574453 composite?
True
Is 19281898501 a composite number?
True
Is 9639536737 a composite number?
False
Is 569215597 prime?
True
Is 20547697943 prime?
True
Is 500113967 composite?
True
Is 9509408171 prime?
True
Is 54782143105 a prime number?
False
Is 192156117313 composite?
False
Is 126467431 composite?
True
Is 62206702919 a prime number?
False
Is 7814009915 a composite number?
True
Is 73030772887 prime?
True
Is 1072415339 a composite number?
False
Is 34355810341 prime?
True
Is 154249859 composite?
True
Is 437049071 a composite number?
False
Is 18826907089 a prime number?
False
Is 19569766417 prime?
False
Is 244987981429 composite?
True
Is 10757928553 composite?
False
Is 6357494537 composite?
False
Is 6428106127 prime?
False
Is 9575898799 prime?
False
Is 22648053887 a composite number?
False
Is 725093287 a prime number?
False
Is 1396116209 composite?
False
Is 2545472789 a composite number?
False
Is 7023702551 composite?
False
Is 7948174471 prime?
False
Is 85576451 a composite number?
False
Is 61330591123 a prime number?
True
Is 71263744987 prime?
True
Is 243868717 composite?
False
Is 60672971 prime?
True
Is 12860944147 prime?
True
Is 304773823 a composite number?
False
Is 2729991703 a composite number?
True
Is 68111941853 composite?
False
Is 221339681 prime?
True
Is 205164200669 prime?
False
Is 5851288519 a composite number?
True
Is 209692953983 a prime number?
True
Is 78671254643 composite?
False
Is 194380867 a prime number?
True
Is 2922049763 composite?
False
Is 505056962 a composite number?
True
Is 126865813549 prime?
False
Is 5725091899 a prime number?
False
Is 12680730371 a prime number?
False
Is 95774565059 composite?
False
Is 97560095411 prime?
True
Is 76724614313 prime?
True
Is 77114813 prime?
False
Is 2959927967 composite?
False
Is 1112864933 a prime number?
False
Is 159570329579 prime?
True
Is 5679016021 composite?
True
Is 5588949409 composite?
False
Is 74920143293 a prime number?
False
Is 1177735051 a prime number?
False
Is 1983133409 prime?
True
Is 1622468555 composite?
True
Is 44747918503 a composite number?
False
Is 10025227087 composite?
False
Is 685260431 a composite number?
True
Is 2468213417 a composite number?
False
Is 299847913 prime?
True
Is 11688884147 composite?
False
Is 5914855402 composite?
True
Is 256430259377 a composite number?
False
Is 3727510517 a prime number?
False
Is 9185838601 a prime number?
False
Is 185842725007 composite?
True
Is 10937855447 composite?
False
Is 327224153 a prime number?
False
Is 39395042165 a composite number?
True
Is 5894298889 prime?
False
Is 5327215643 prime?
False
Is 8334677137 composite?
False
Is 19332893695 a composite number?
True
Is 49716833941 prime?
True
Is 38005259 composite?
True
Is 717932629 a composite number?
True
Is 14603167499 prime?
True
Is 30971329381 composite?
True
Is 1270391081 a composite number?
True
Is 597100957 composite?
False
Is 2256350743 prime?
False
Is 307624147 composite?
False
Is 5099880209 a composite number?
False
Is 54901284883 composite?
True
Is 1259926463 composite?
False
Is 369984313 a prime number?
True
Is 3028131497 prime?
False
Is 325402312583 a composite number?
True
Is 288320277898 a composite number?
True
Is 2513962039 prime?
True
Is 7942945135 composite?
True
Is 21185530687 composite?
True
Is 1159088651 a composite number?
True
Is 24717139 prime?
False
Is 431861831 prime?
False
Is 545305951 a composite number?
False
Is 61794671 a composite number?
False
Is 1031054683 prime?
True
Is 394624812009 prime?
False
Is 240569191273 composite?
False
Is 29452003429 a composite number?
True
Is 65752979 a prime number?
False
Is 48000219479 prime?
False
Is 246597017 prime?
False
Is 104011573 a composite number?
False
Is 144666943 prime?
True
Is 772752451 prime?
True
Is 138155050729 composite?
False
Is 3581206487 a prime number?
True
Is 203753411171 a prime number?
False
Is 1430223679 a prime number?
False
Is 41387123 prime?
False
Is 6616691789 composite?
False
Is 3340670669 prime?
False
Is 421541849 composite?
True
Is 4646067157 prime?
True
Is 3718347343 prime?
True
Is 2585761601 composite?
True
Is 22130632063 a composite number?
False
Is 2325003671 a prime number?
True
Is 35815777 prime?
False
Is 29555262323 a prime number?
False
Is 7851104069 a prime number?
False
Is 91032367 prime?
False
Is 37358086429 a prime number?
True
Is 730936049 a composite number?
True
Is 29515745687 a composite number?
True
Is 1496425829 a composite number?
False
Is 28298725099 prime?
True
Is 15379325471 a prime number?
True
Is 5746588531 prime?
True
Is 537138727 composite?
False
Is 243098411 prime?
True
Is 76910069 a prime number?
True
Is 34896622 prime?
False
Is 65695690909 a composite number?
False
Is 25185281711 composite?
False
Is 2752048987 composite?
False
Is 674042477 a composite number?
True
Is 3573433357 a prime number?
False
Is 15203509561 a prime number?
True
Is 14585592053 composite?
False
Is 195035717 a prime number?
False
Is 4393214393 a composite number?
False
Is 863251457 prime?
True
Is 12950004013 a composite number?
False
Is 15235419539 a composite number?
False
I